hat are the prime factors of t?
277
Suppose -6*q - 164 + 2864 = 0. Suppose -q = -7*y + 5*y. Suppose 0 = 4*u + 8, 4*u = -4*r + 67 + y. What are the prime factors of r?
3, 5
Suppose 0 = -3*p + 5*b + 510, -362 = -2*p - 2*b - 2*b. Let i = -82 - -152. Let u = p - i. What are the prime factors of u?
3, 5, 7
Let r be (32/12)/((-20015)/6675 + 3). Suppose -4*t = -r + 380. What are the prime factors of t?
2, 5, 7
Let g = -131 + 720. Let v = g - 338. List the prime factors of v.
251
Suppose 4*z - 3*n = 1295, -300 = 3*z - 4*z - 4*n. List the prime factors of z.
2, 5
Let y(d) = 993*d - 5650. What are the prime factors of y(38)?
2, 13, 617
Let u be 3*1 - (-17 - -17). Suppose -1 - 11 = d + 4*l, 5*l + 32 = u*d. Suppose 0 = -d*c + 390 - 54. List the prime factors of c.
2, 3, 7
Suppose -4*i = -720 - 820. Suppose -5*n - 488 = -0*n - j, -4*n - j = i. Let s = 193 + n. What are the prime factors of s?
2, 3
Suppose -267*m + 439632 = -392073. What are the prime factors of m?
5, 7, 89
Suppose -84 = -3*v - 75. Let c(s) = v*s**2 + 16 + 121*s - 60*s - 61*s. What are the prime factors of c(-4)?
2
Let x(v) = 10*v**2 - 10*v + 47. Let o be x(7). What are the prime factors of 5/1 - (1 - o)?
3, 157
Let a = -1764 + 6639. What are the prime factors of a?
3, 5, 13
Suppose -43464 = -5*h - 2*s, 0 = 4*h - 3*s - 22504 - 12281. List the prime factors of h.
2, 3, 7, 23
Suppose -5*z - 5 = 0, 3*r - 152422 = -874*z + 872*z. List the prime factors of r.
2, 3, 29, 73
Suppose -32*x + 12*x = -12*x - 171320. What are the prime factors of x?
5, 4283
Suppose 0 = -r - 7*y + 3*y + 44, -r - y = -50. Let a = 189 - r. List the prime factors of a.
137
Let p(a) = -20*a**2 - 90*a + 2. List the prime factors of p(-4).
2, 3, 7
Suppose -4*w + 15 = 5*j, -j - w + 3 + 1 = 0. Let m be 0 + -20 + (-2)/j. List the prime factors of m/(-63) - 593/(-7).
5, 17
Suppose 0 = 5*s - 2*v - 7525, -v - 881 = 2*s - 3882. Suppose q + 220 = h, 5*h + 407 - s = q. List the prime factors of h.
3, 73
Suppose -l = 4*t + t - 6390, 0 = -5*t - 3*l + 6390. Let o be 0/1 + 20/2. Suppose -t = u - o*u. What are the prime factors of u?
2, 71
Suppose -4*u + 3*h = -16 + 77, 0 = 3*u - h + 42. What are the prime factors of 2331/(-6 - u) - (-1 + -1)?
5, 67
What are the prime factors of (-19 - 2129616/(-80)) + (-2)/10?
3, 8867
Let o(x) = 544*x**2 - 49*x + 95. List the prime factors of o(6).
5, 3877
Let f(h) = h**3 + 15*h**2 + 18*h + 28. Let p be 0 + (3 - (17 - 2)). List the prime factors of f(p).
2, 61
Let m be (21 - -7)*(-4)/((-40)/25). Suppose -27696 = -m*l + 54*l. What are the prime factors of l?
3, 577
Suppose 1363*z = 1397*z - 19448. List the prime factors of z.
2, 11, 13
Let b(t) = -t**2 + 10*t + 13. Let h be b(11). Let m be h + (1 + 7)/(-4) - -109. Let c = m + -15. What are the prime factors of c?
2, 47
Suppose -14*o + o = -8*o - 64090. List the prime factors of o.
2, 13, 17, 29
Let u be (-8)/(-48)*-3 + (-1)/2. Let l(b) = 9*b + 24. What are the prime factors of l(u)?
3, 5
Let f(g) = -1309*g - 1524. List the prime factors of f(-38).
2, 24109
Let y(u) = -6*u - 16. Let z be y(-3). Suppose -2*p + 1064 = z*n, -3*n + 15 = 9. List the prime factors of p.
2, 5, 53
Let i = -5758 - -12501. List the prime factors of i.
11, 613
Let c(a) = -38*a + a**2 + 42*a - 30*a - 81. What are the prime factors of c(38)?
3, 5
Let a be (-12)/18*3/(-2)*-471. Let q = a + 1341. Suppose -3*k - q = -13*k. What are the prime factors of k?
3, 29
Let y be (3/2)/(78/(-2080)). List the prime factors of (10888/y)/((-2)/10).
1361
Let g(a) = -13*a - 13. Suppose 0 = 12*i + i - 585. Suppose -13 = i*o - 44*o. What are the prime factors of g(o)?
2, 3, 13
List the prime factors of 23/(276/(-216))*-2142.
2, 3, 7, 17
Let r = -242 + 311. Suppose r*a = 75*a - 2664. What are the prime factors of a?
2, 3, 37
Suppose 139 + 33 = -4*w. Let s = w - -45. Suppose 5*t + 2*i = 5*i + 176, -s*t + 2*i = -72. List the prime factors of t.
2, 17
Let c(v) = 2*v**2 + 9*v + 2. Let m be c(-4). Let s be (m + 6)/((-6)/(-159)). Suppose 0 = -x - 35 + s. What are the prime factors of x?
71
Suppose -1130*b + 27288 = -1127*b. What are the prime factors of b?
2, 3, 379
Let y = 105 + -48. Let v = y + -53. Suppose -m + 76 = 4*l - 5*m, -v*m = 0. List the prime factors of l.
19
Let z(v) = 3*v - 105. Let k be z(36). List the prime factors of k*3414/36 - (-2)/(-4).
2, 71
Suppose -149*u - 8267 + 3041899 = 54*u. List the prime factors of u.
2, 467
Let i(g) = -g - 30. Let q = -127 + 117. Let h be i(q). List the prime factors of ((-10)/3)/(h/720).
2, 3, 5
Suppose -110 = 4*m - 94. Let l(n) = 4*n**2 + 14*n - 4. Let y be l(m). Suppose -y*w - 2*i + 230 = 0, -i - 2*i - 304 = -5*w. What are the prime factors of w?
59
Let u(b) = -b**2 + 16*b - 48. Let k be u(12). List the prime factors of -49*(((-180)/14)/5 + k).
2, 3, 7
Let p be 3*(-2)/5*(-15)/(-9). Let r be ((-15)/p)/(6/(-8)). What are the prime factors of (-6)/r - 2082/(-30)?
2, 5, 7
Let y(f) = -23*f + 1. Suppose -2*h - 2*t = 18, -4*t = -3*h - 9 + 3. Let g be y(h). Suppose 3*d + 4*v = g, 3 - 6 = -3*v. List the prime factors of d.
3, 5
Suppose -21*t + 271071 = 6*t + 84231. List the prime factors of t.
2, 5, 173
Let v(d) = d**3 + 3*d**2 + d + 4. Let w be v(-3). What are the prime factors of (w + 91/(-2))/(4/(-16))?
2, 89
Suppose 33*u + 9*u = 672. Let z(k) = -k**3 + k**2 - k. Let w be z(-3). Let a = w - u. What are the prime factors of a?
23
Suppose -306 - 342 = 12*s. Let g = s + 1107. What are the prime factors of g?
3, 13
Let q = 163 - -126. Let w(d) = -203*d**2 + 2*d - 1. Let s be w(1). Let z = q + s. What are the prime factors of z?
3, 29
Let r = -42375 - -74501. What are the prime factors of r?
2, 16063
Let x = 72 - 337. Let z = x + 580. List the prime factors of z.
3, 5, 7
Let q = 8926 + -4735. What are the prime factors of q?
3, 11, 127
Let k = 92535 + -45147. List the prime factors of k.
2, 3, 11, 359
Let l(t) = -t**3 - 4*t**2 + 5*t + 4. Let n be l(-5). Suppose 17*c = 16*c + n. Suppose -k = -a + 64, c*k = -0*a - 3*a + 220. List the prime factors of a.
2, 17
Let v(x) = x**2 - 14. Let s be v(8). What are the prime factors of (0 + -3 + 9 + -5)*s?
2, 5
Let y(l) = 4*l - 20. Let m be y(6). Suppose -m*s - 57 = 3*c, -3*c = -8*s + 3*s - 78. Let r(p) = -p**2 - 17*p + 15. List the prime factors of r(s).
3, 5
Let m = 16852 - 9580. What are the prime factors of m?
2, 3, 101
Let g = 42 - 37. Suppose 4*d - 2*d - 4 = 4*q, -g*q + 1 = -d. Suppose -9*l = -d*l - 745. List the prime factors of l.
149
Let v(z) = 90 + 3*z**2 + 17*z - 8*z**2 - 7*z**2 + 15*z**3 - 98. What are the prime factors of v(4)?
2, 3, 23
Let d = 66 - 70. Let u be (19916/36 - d/(-18)) + 0. Suppose 0 = -4*g - v - 105 + u, -121 = -g + 2*v. List the prime factors of g.
113
Suppose -2*g + 44 = -2*o - 18, 4*g - o - 121 = 0. Let p = g + 51. What are the prime factors of p?
3
Suppose 0 = r + 5*t - 40, -3*t = -20*r + 21*r - 40. What are the prime factors of r/(-22) - -2 - 2744/(-154)?
2, 3
Let l = -67 - -61. Let p be (-416)/(-39) - (-4)/l. What are the prime factors of -11*((3 - 0 - p) + -1)?
2, 11
Suppose -j = 5*v - 65, 0*j = -4*v + j + 61. Let r = 18 - v. Suppose 0 = -2*m - r*i + 142, -m - 4*i + 80 = -5*i. What are the prime factors of m?
7, 11
Let o = -3817 + 6575. List the prime factors of o.
2, 7, 197
Suppose -j - 4*m + 3*m + 8 = 0, 0 = 2*j - 2*m - 24. Let r(n) = 3*n**2 - 7*n + 14. List the prime factors of r(j).
2, 61
Let f = -141 + 135. Let m(k) = 4*k**2 - 4*k - 24. What are the prime factors of m(f)?
2, 3
Let z(k) = 2*k**3 - 5*k**2 - 5*k + 2. Let j be z(4). Let w(y) = -j - 32*y + y**2 + 9*y + 69. What are the prime factors of w(23)?
3, 13
Suppose 0 = -4*x + 5*h + 13, -x + 14 + 2 = 3*h. Let k = 7 - x. Suppose k*a = 3*a - 5*t - 208, 3 = 3*t. What are the prime factors of a?
71
Suppose 3*f + 5 = 4*r - 15, -2*f - 3*r = -15. Suppose f = 15*g + 164 - 764. List the prime factors of g.
2, 5
Let c be 30*(((-16)/(-3))/8)/2. List the prime factors of (-9 - -14 - c)*2136/(-10).
2, 3, 89
Suppose -u = 4*d - 39, 0 = 5*u + 6*d - d - 180. Let w = u + -31. Suppose 3*h = -3*t + 267, w*t - 3*h - 392 = 2*h. What are the prime factors of t?
3, 31
Let t = 23280 + -11426. What are the prime factors of t?
2, 5927
Suppose -3*j - 2*j + 8046 = -2*j. What are the prime factors of j?
2, 3, 149
Let q(z) = z**2 + z - 8. Let r be q(3). Suppose -r*w = 1 +